(base 13) to base 5
-434412143
Convert -6543657 (base 9) to base 5.
-1344402420
What is 38926e (base 16) in base 6?
211244210
Convert -129a071 (base 11) to base 12.
-8bb744
Convert 10000000100101100000 (base 2) to base 11.
32a788
-2132044 (base 6) to base 14
-2a5d2
What is -30132153 (base 7) in base 15?
-3445ac
What is -400517 (base 12) in base 9?
-1777311
222922 (base 12) to base 3
1000122002222
Convert -742a6 (base 11) to base 10.
-108169
Convert 11034ca (base 16) to base 2.
1000100000011010011001010
Convert 133012134 (base 5) to base 3.
1021011220022
Convert 130330022132 (base 4) to base 5.
3420231322
-101120133302 (base 4) to base 10
-4556786
Convert -121200234 (base 5) to base 12.
-235217
What is 1dbc9 (base 15) in base 9?
157250
20d1f (base 16) to base 6
2514211
-c16bc9 (base 15) to base 5
-4322423124
Convert -21443476 (base 9) to base 3.
-201111110112120
-13371625 (base 8) to base 13
-815951
-5ab107 (base 14) to base 11
-182a916
Convert -165c (base 15) to base 10.
-4812
What is -8464673 (base 9) in base 12?
-1625a26
-100011001111011110000 (base 2) to base 15
-17c26a
What is -30433154 (base 7) in base 13?
-6b1c1a
Convert 6af5da (base 16) to base 3.
111012010120112
What is -330918 (base 10) in base 15?
-680b3
What is 20a9e (base 16) in base 4?
200222132
What is -46ead0 (base 16) in base 11?
-2694920
What is 137061 (base 8) in base 10?
48689
Convert -12002104 (base 6) to base 2.
-1011011001111011000
Convert 30c13 (base 13) to base 6.
1514051
Convert -112128 (base 12) to base 5.
-32220300
What is -14323420434 (base 5) in base 3?
-1022200121211021
-18521d (base 15) to base 14
-22a932
Convert 4131021 (base 5) to base 8.
204064
Convert 65661661 (base 7) to base 5.
2421123211
22222002001 (base 3) to base 9
288061
-110110011001101111110 (base 2) to base 3
-10100120100020
Convert 1b77412 (base 12) to base 16.
59bc8e
31102022330 (base 4) to base 3
20112220211002
-747043 (base 10) to base 15
-eb52d
Convert -39a19 (base 14) to base 11.
-976a5
35aa61 (base 11) to base 15
b4280
109360 (base 10) to base 6
2202144
What is 1b6523 (base 14) in base 4?
3232233103
What is -152ae0 (base 15) in base 11?
-638698
39079a (base 12) to base 9
1673481
Convert 46241c (base 13) to base 16.
195ac1
-16026760 (base 9) to base 2
-11110011110100111100100
What is -352946 (base 12) in base 14?
-183822
What is -7827a07 (base 11) in base 16?
-d17d7f
-5aa50a (base 12) to base 3
-2202122211001
What is e8bb41 (base 15) in base 4?
222100011013
Convert 11762634 (base 8) to base 5.
1132132214
Convert ce7ba (base 16) to base 6.
30043310
What is 801777 (base 9) in base 13?
13783c
What is -12a8284 (base 12) in base 14?
-6c6428
310320041 (base 5) to base 3
2101001021121
What is -254663 (base 13) in base 15?
-12a3ee
Convert -34060462 (base 8) to base 3.
-111212011202121
Convert 112101001111001 (base 3) to base 12.
2684231
What is -14113441 (base 5) in base 13?
-50c2c
What is 1001001110010110011 (base 2) in base 8?
1116263
What is -110220212021 (base 3) in base 2?
-111110000101110000
Convert -18eb (base 15) to base 12.
-3158
Convert -97b83 (base 12) to base 8.
-607323
What is -840718 (base 11) in base 10?
-1347838
243466 (base 10) to base 8
733412
Convert 111111010001100000 (base 2) to base 7.
2126410
Convert -101101001011000010 (base 2) to base 10.
-185026
What is 5411244 (base 6) in base 7?
2155333
-48b817 (base 13) to base 3
-10021100201210
What is -4234503 (base 7) in base 14?
-d4d73
Convert 1100032000 (base 4) to base 14.
87a5a
What is -15f835 (base 16) in base 2?
-101011111100000110101
What is 11032 (base 16) in base 8?
210062
What is -2ba12 (base 15) in base 7?
-1124015
Convert 1001110110011111 (base 2) to base 11.
28353
266156 (base 8) to base 6
1555530
334604 (base 11) to base 12
218636
-1413510 (base 6) to base 10
-79890
-4067214 (base 8) to base 14
-20063a
-789024 (base 11) to base 7
-13452144
What is 5c441b (base 16) in base 5?
3021443442
-102123120 (base 4) to base 5
-4403410
Convert 3233222002 (base 4) to base 2.
11101111101010000010
-101011001101101011100 (base 2) to base 13
-3a76b3
155905 (base 13) to base 15
a6074
13b81 (base 14) to base 10
48917
What is 5526b (base 14) in base 3?
101110222021
What is -10111101001000101 (base 2) in base 5?
-11044322
What is -100222121111021 (base 3) in base 16?
-50f97d
-202fc (base 16) to base 7
-1056235
What is -183527 (base 9) in base 3?
-12210120221
What is 33032032 (base 5) in base 11?
183a0a
Convert 4ded4 (base 15) to base 6.
5204044
What is -1cb0119 (base 13) in base 11?
-5465151
Convert 222223002 (base 4) to base 8.
525302
What is 33886 (base 15) in base 4?
220001112
-2123441214 (base 5) to base 7
-53243542
323016 (base 7) to base 13
1c7c1
Convert 101233230231 (base 4) to base 6.
243412113
What is -1998b (base 13) in base 7?
-265454
-10110110000100001 (base 2) to base 5
-10440332
What is -177294 (base 13) in base 4?
-2033110302
-14514024 (base 7) to base 12
-5678b9
1585037 (base 9) to base 8
3274245
-1ca2b (base 13) to base 12
-28950
Convert 24524345 (base 6) to base 16.
c09e9
What is -1651b4 (base 12) in base 4?
-1131103120
443342212 (base 5) to base 16
1d82e9
-100322002132 (base 4) to base 8
-20720236
-6313306 (base 8) to base 14
-319218
What is 300604 (base 9) in base 7?
1336615
Convert c53a6 (base 14) to base 13.
13853a
What is 4270476 (base 8) in base 3?
2011002001010
Convert -423152 (base 8) to base 4.
-202121222
660506 (base 7) to base 9
185382
3041251 (base 7) to base 3
200102222111
Convert 30001011 (base 5) to base 8.
712012
Convert 14561446 (base 7) to base 14.
2839cd
Convert 828712 (base 10) to base 8.
3122450
-11112220100220 (base 3) to base 6
-123503253
Convert 1072073 (base 8) to base 13.
a2b2a
-2245ad (base 14) to base 10
-1164589
Convert -15c40d (base 14) to base 2.
-10111010011011101101
1202122040 (base 5) to base 10
2770270
What is -24325512 (base 6) in base 14?
-161d52
-2521122 (base 8) to base 10
-696914
Convert 188907 (base 11) to base 15.
5ad83
What is 640616 (base 8) in base 2?
110100000110001110
8e453 (base 16) to base 11
368903
Convert -110010110001011000111 (base 2) to base 12.
-682947
Convert -1ab147 (base 13) to base 9.
-1247507
Convert -10000000010010100100 (base 2) to base 4.
-2000102210
Convert 8123511 (base 11) to base 13.
2c90750
11110101011110011 (base 2) to base 12
60897
Convert -14041223 (base 8) to base 14.
-5c4883
Convert 251464 (base 12) to base 2.
10010011011001001100
120322202 (base 4) to base 9
164878
Convert 43424134 (base 5) to base 11.
23581a
Convert 4155440 (base 8) to base 6.
35402120
Convert -143479 (base 10) to base 12.
-6b047
Convert 1344266 (base 8) to base 10.
379062
What is -2308681 (base 11) in base 14?
-77169c
What is 23424304 (base 6) in base 11?
461939
Convert -10132441 (base 5) to base 2.
-10100011000101000
What is -356006 (base 11) in base 3?
-1001200010212
Convert 10412403 (base 5) to base 8.
262723
Convert 11d2a7 (base 16) to base 7.
12633235
-11022320 (base 4) to base 10
-21176
What is 11425300 (base 7) in base 4?
3313310230
97088 (base 15) to base 8
1650222
Convert -1001110101010011000 (base 2) to base 11.
-20008a
Convert -21344212 (base 5) to base 3.
-100100211012
Convert -395b50 (base 14) to base 10.
-1975162
Convert 1024014 (base 6) to base 8.
141712
Convert -24138 (base 12) to base 5.
-3023242
What is -2bf093 (base 16) in base 4?
-22333002103
What is 905b4a (base 12) in base 5?
1033443040
Convert -805d80 (base 15) to base 8.
-27200110
Convert -25a140 (base 11) to base 6.
-12432302
What is -110001020101210 (base 3) in base 9?
-13036353
Convert 210101120222 (base 3) to base 6.
13005212
Convert 201043400 (base 6) to base 3.
20102100012100
What is -17a7e31 (base 15) in base 9?
-35384811
-81c145 (base 14) to base 16
-42beb1
Convert -33131334 (base 5) to base 13.
-a0511
Convert -11000001110111010011 (base 2) to base 3.
-1111100020220
What is 1072281 (base 9) in base 15?
b6891
Convert -240012 (base 6) to base 2.
-101000100001000
What is -44323443 (base 6) in base 12?
-543583
Convert 1321002 (base 6) to base 7.
422141
What is b9829 (base 12) in base 13?
87594
1ac03a (base 15) to base 14
260028
34579 (base 12) to base 13
25aa6
-21c57 (base 13) to base 9
-103223
Convert -da25 (base 14) to base 13.
-141b4
Convert 972bd (base 15) to base 6.
14141354
Convert 2d2548 (base 1